{"id":427,"date":"2024-11-04T12:30:24","date_gmt":"2024-11-04T12:30:24","guid":{"rendered":"https:\/\/goudsedichtersschool.nl\/?page_id=427"},"modified":"2025-01-23T13:14:27","modified_gmt":"2025-01-23T13:14:27","slug":"dichters-stralen-op-zotte-zaterdag","status":"publish","type":"page","link":"https:\/\/goudsedichtersschool.nl\/index.php\/dichters-stralen-op-zotte-zaterdag\/","title":{"rendered":"Dichters stralen op Zotte Zaterdag!"},"content":{"rendered":"\n<p>Het was een Zotte Zaterdag om nooit te vergeten. Stralend weer, en grote, bonte en zotte parade van middeleeuwers, veel bezoekers, zotheid alom. Een memorabel gedicht van stadsdichter Jeffrey van Geenen bij de offici\u00eble opening, om de kracht van zotheid er bij het publiek in te rammen. Daarna de hele dag kunnen genieten van po\u00ebzie, eerst in de Agnietenkapel en daarna her en der in de binnenstad volgens de spelregels van guerillapo\u00ebzie. Wat wil een dichtersziel nog meer?<\/p>\n\n\n\n<p>Het was de dag van Jeffrey, zijn laatste formele optreden in zijn hoedanigheid als stadsdichter. Hij was bij elk deel van het programma erbij, als eerste onder zijn gelijken, en hij genoot ervan. Jeffrey, wij zullen je missen! Maar ook de dag van de overige meedoende dichters: Hanneke Leroux, Peter Noordhoek, Marai Ebben, Beatrijs Vaessens, Wanda Micke en Hans Wierenga, nagenoeg allen net als Jeffrey in middeleeuwse kleding gestoken. En niet toevallig overwegend coach of deelnemer bij de Goudse Dichtersschool.<\/p>\n\n\n\n<p>Ons eerste optreden was in de Agnietenkapel. Tot onze verrassing hadden wij die geen 30 minuten tot onze beschikking, maar 20, want er was 10 minuten nodig om bezoekers van het vorige programmaonderdeel de gelegenheid te geven de kapel te verlaten en onze bezoekers naar binnen te krijgen. Dat had ook voordelen, het zette de dichters op scherp en maakte dat iedereen zijn beste en kortste gedichten presenteerden.<\/p>\n\n\n\n<p>Deze focus bleef de rest van de dag erin, bij de guerillapo\u00ebzie. Wij traden op aan de Zeugstraat, op de Markt (boom tegenover Livera), bij de Raoul Wallenbergplantsoen en in de Museumtuin. Met korte, gefocuste po\u00ebzie, op verhogingen waardoor onze zichtbaarheid groter werd, met stemversterking om beter gehoord te worden, op plekken waar onze aanwezigheid tot een klontering van voorbijgangers leidde. Het was een experiment en het werkte.<\/p>\n\n\n\n<p>Onze dichters kijken met enthousiasme terug naar een geslaagde Zotte Zaterdag en voorruit naar Zotte Zaterdag volgend jaar. Met nog meer aandacht voor gedichten waarvan de zotheid afdruipt. En hopelijk een oplossing voor onze onnavolgbaarheid, waardoor de po\u00ebzieminnaars onder het Zotte Zaterdagpubliek ons makkelijk kunnen vinden. Want Zotte Zaterdag is mooi, maar het ware dichtgenot is top!<\/p>\n\n\n\n<figure class=\"wp-block-gallery has-nested-images columns-default is-cropped wp-block-gallery-1 is-layout-flex wp-block-gallery-is-layout-flex\">\n<figure class=\"wp-block-image size-large\"><img loading=\"lazy\" decoding=\"async\" width=\"620\" height=\"1024\" data-id=\"431\" src=\"https:\/\/goudsedichtersschool.nl\/wp-content\/uploads\/2024\/11\/Hans-en-Beatrijs-2-620x1024.jpg\" alt=\"\" class=\"wp-image-431\" srcset=\"https:\/\/goudsedichtersschool.nl\/wp-content\/uploads\/2024\/11\/Hans-en-Beatrijs-2-620x1024.jpg 620w, https:\/\/goudsedichtersschool.nl\/wp-content\/uploads\/2024\/11\/Hans-en-Beatrijs-2-182x300.jpg 182w, https:\/\/goudsedichtersschool.nl\/wp-content\/uploads\/2024\/11\/Hans-en-Beatrijs-2-768x1268.jpg 768w, https:\/\/goudsedichtersschool.nl\/wp-content\/uploads\/2024\/11\/Hans-en-Beatrijs-2-930x1536.jpg 930w, https:\/\/goudsedichtersschool.nl\/wp-content\/uploads\/2024\/11\/Hans-en-Beatrijs-2.jpg 1240w\" sizes=\"auto, (max-width: 620px) 100vw, 620px\" \/><figcaption class=\"wp-element-caption\">Optreden onder de boom<\/figcaption><\/figure>\n\n\n\n<figure class=\"wp-block-image size-large\"><img loading=\"lazy\" decoding=\"async\" width=\"576\" height=\"1024\" data-id=\"429\" src=\"https:\/\/goudsedichtersschool.nl\/wp-content\/uploads\/2024\/11\/Jeffrey-en-Hanneke-576x1024.jpg\" alt=\"\" class=\"wp-image-429\" srcset=\"https:\/\/goudsedichtersschool.nl\/wp-content\/uploads\/2024\/11\/Jeffrey-en-Hanneke-576x1024.jpg 576w, https:\/\/goudsedichtersschool.nl\/wp-content\/uploads\/2024\/11\/Jeffrey-en-Hanneke-169x300.jpg 169w, https:\/\/goudsedichtersschool.nl\/wp-content\/uploads\/2024\/11\/Jeffrey-en-Hanneke-768x1365.jpg 768w, https:\/\/goudsedichtersschool.nl\/wp-content\/uploads\/2024\/11\/Jeffrey-en-Hanneke-864x1536.jpg 864w, https:\/\/goudsedichtersschool.nl\/wp-content\/uploads\/2024\/11\/Jeffrey-en-Hanneke.jpg 1152w\" sizes=\"auto, (max-width: 576px) 100vw, 576px\" \/><figcaption class=\"wp-element-caption\">Verkenning<\/figcaption><\/figure>\n<\/figure>\n\n\n\n<div class=\"wp-block-buttons is-layout-flex wp-block-buttons-is-layout-flex\">\n<div class=\"wp-block-button has-custom-width wp-block-button__width-100\"><a class=\"wp-block-button__link has-black-color has-luminous-vivid-amber-background-color has-text-color has-background has-link-color wp-element-button\" href=\"\/index-php\/category\/zz-2024\">Enkele van de voorgedragen gedichten<\/a><\/div>\n<\/div>\n","protected":false},"excerpt":{"rendered":"<p>Het was een Zotte Zaterdag om nooit te vergeten. Stralend weer, en grote, bonte en zotte parade van middeleeuwers, veel bezoekers, zotheid alom. Een memorabel gedicht van stadsdichter Jeffrey van Geenen bij de offici\u00eble opening, om de kracht van zotheid er bij het publiek in te rammen. Daarna de hele dag kunnen genieten van po\u00ebzie, [&hellip;]<\/p>\n","protected":false},"author":2,"featured_media":432,"parent":0,"menu_order":0,"comment_status":"closed","ping_status":"closed","template":"","meta":{"footnotes":""},"class_list":["post-427","page","type-page","status-publish","has-post-thumbnail","hentry"],"_links":{"self":[{"href":"https:\/\/goudsedichtersschool.nl\/index.php\/wp-json\/wp\/v2\/pages\/427","targetHints":{"allow":["GET"]}}],"collection":[{"href":"https:\/\/goudsedichtersschool.nl\/index.php\/wp-json\/wp\/v2\/pages"}],"about":[{"href":"https:\/\/goudsedichtersschool.nl\/index.php\/wp-json\/wp\/v2\/types\/page"}],"author":[{"embeddable":true,"href":"https:\/\/goudsedichtersschool.nl\/index.php\/wp-json\/wp\/v2\/users\/2"}],"replies":[{"embeddable":true,"href":"https:\/\/goudsedichtersschool.nl\/index.php\/wp-json\/wp\/v2\/comments?post=427"}],"version-history":[{"count":4,"href":"https:\/\/goudsedichtersschool.nl\/index.php\/wp-json\/wp\/v2\/pages\/427\/revisions"}],"predecessor-version":[{"id":592,"href":"https:\/\/goudsedichtersschool.nl\/index.php\/wp-json\/wp\/v2\/pages\/427\/revisions\/592"}],"wp:featuredmedia":[{"embeddable":true,"href":"https:\/\/goudsedichtersschool.nl\/index.php\/wp-json\/wp\/v2\/media\/432"}],"wp:attachment":[{"href":"https:\/\/goudsedichtersschool.nl\/index.php\/wp-json\/wp\/v2\/media?parent=427"}],"curies":[{"name":"wp","href":"https:\/\/api.w.org\/{rel}","templated":true}]}}

<p>Het was een Zotte Zaterdag om nooit te vergeten. Stralend weer, en grote, bonte en zotte parade van middeleeuwers, veel bezoekers, zotheid alom. Een memorabel gedicht van stadsdichter Jeffrey van Geenen bij de officiële opening, om de kracht van zotheid er bij het publiek in te rammen. Daarna de hele dag kunnen genieten van poëzie, eerst in de Agnietenkapel en daarna her en der in de binnenstad volgens de spelregels van guerillapoëzie. Wat wil een dichtersziel nog meer?</p>



<p>Het was de dag van Jeffrey, zijn laatste formele optreden in zijn hoedanigheid als stadsdichter. Hij was bij elk deel van het programma erbij, als eerste onder zijn gelijken, en hij genoot ervan. Jeffrey, wij zullen je missen! Maar ook de dag van de overige meedoende dichters: Hanneke Leroux, Peter Noordhoek, Marai Ebben, Beatrijs Vaessens, Wanda Micke en Hans Wierenga, nagenoeg allen net als Jeffrey in middeleeuwse kleding gestoken. En niet toevallig overwegend coach of deelnemer bij de Goudse Dichtersschool.</p>



<p>Ons eerste optreden was in de Agnietenkapel. Tot onze verrassing hadden wij die geen 30 minuten tot onze beschikking, maar 20, want er was 10 minuten nodig om bezoekers van het vorige programmaonderdeel de gelegenheid te geven de kapel te verlaten en onze bezoekers naar binnen te krijgen. Dat had ook voordelen, het zette de dichters op scherp en maakte dat iedereen zijn beste en kortste gedichten presenteerden.</p>



<p>Deze focus bleef de rest van de dag erin, bij de guerillapoëzie. Wij traden op aan de Zeugstraat, op de Markt (boom tegenover Livera), bij de Raoul Wallenbergplantsoen en in de Museumtuin. Met korte, gefocuste poëzie, op verhogingen waardoor onze zichtbaarheid groter werd, met stemversterking om beter gehoord te worden, op plekken waar onze aanwezigheid tot een klontering van voorbijgangers leidde. Het was een experiment en het werkte.</p>



<p>Onze dichters kijken met enthousiasme terug naar een geslaagde Zotte Zaterdag en voorruit naar Zotte Zaterdag volgend jaar. Met nog meer aandacht voor gedichten waarvan de zotheid afdruipt. En hopelijk een oplossing voor onze onnavolgbaarheid, waardoor de poëzieminnaars onder het Zotte Zaterdagpubliek ons makkelijk kunnen vinden. Want Zotte Zaterdag is mooi, maar het ware dichtgenot is top!</p>



<figure class="wp-block-gallery has-nested-images columns-default is-cropped wp-block-gallery-1 is-layout-flex wp-block-gallery-is-layout-flex">
<figure class="wp-block-image size-large"><img loading="lazy" decoding="async" width="620" height="1024" data-id="431" src="https://goudsedichtersschool.nl/wp-content/uploads/2024/11/Hans-en-Beatrijs-2-620x1024.jpg" alt="" class="wp-image-431" srcset="https://goudsedichtersschool.nl/wp-content/uploads/2024/11/Hans-en-Beatrijs-2-620x1024.jpg 620w, https://goudsedichtersschool.nl/wp-content/uploads/2024/11/Hans-en-Beatrijs-2-182x300.jpg 182w, https://goudsedichtersschool.nl/wp-content/uploads/2024/11/Hans-en-Beatrijs-2-768x1268.jpg 768w, https://goudsedichtersschool.nl/wp-content/uploads/2024/11/Hans-en-Beatrijs-2-930x1536.jpg 930w, https://goudsedichtersschool.nl/wp-content/uploads/2024/11/Hans-en-Beatrijs-2.jpg 1240w" sizes="auto, (max-width: 620px) 100vw, 620px" /><figcaption class="wp-element-caption">Optreden onder de boom</figcaption></figure>



<figure class="wp-block-image size-large"><img loading="lazy" decoding="async" width="576" height="1024" data-id="429" src="https://goudsedichtersschool.nl/wp-content/uploads/2024/11/Jeffrey-en-Hanneke-576x1024.jpg" alt="" class="wp-image-429" srcset="https://goudsedichtersschool.nl/wp-content/uploads/2024/11/Jeffrey-en-Hanneke-576x1024.jpg 576w, https://goudsedichtersschool.nl/wp-content/uploads/2024/11/Jeffrey-en-Hanneke-169x300.jpg 169w, https://goudsedichtersschool.nl/wp-content/uploads/2024/11/Jeffrey-en-Hanneke-768x1365.jpg 768w, https://goudsedichtersschool.nl/wp-content/uploads/2024/11/Jeffrey-en-Hanneke-864x1536.jpg 864w, https://goudsedichtersschool.nl/wp-content/uploads/2024/11/Jeffrey-en-Hanneke.jpg 1152w" sizes="auto, (max-width: 576px) 100vw, 576px" /><figcaption class="wp-element-caption">Verkenning</figcaption></figure>
</figure>



<div class="wp-block-buttons is-layout-flex wp-block-buttons-is-layout-flex">
<div class="wp-block-button has-custom-width wp-block-button__width-100"><a class="wp-block-button__link has-black-color has-luminous-vivid-amber-background-color has-text-color has-background has-link-color wp-element-button" href="/index-php/category/zz-2024">Enkele van de voorgedragen gedichten</a></div>
</div>

<p>Het was een Zotte Zaterdag om nooit te vergeten. Stralend weer, en grote, bonte en zotte parade van middeleeuwers, veel bezoekers, zotheid alom. Een memorabel gedicht van stadsdichter Jeffrey van Geenen bij de officiële opening, om de kracht van zotheid er bij het publiek in te rammen. Daarna de hele dag kunnen genieten van poëzie, [&hellip;]</p>
